{"id":711,"date":"2020-10-07T10:56:32","date_gmt":"2020-10-07T08:56:32","guid":{"rendered":"http:\/\/lab.jardindigital.com\/www.kleintierewiltz.info\/?page_id=711"},"modified":"2020-10-08T07:09:00","modified_gmt":"2020-10-08T05:09:00","slug":"huehnerzuechter","status":"publish","type":"page","link":"https:\/\/lab.jardindigital.com\/www.kleintierewiltz.info\/huehnerzuechter\/","title":{"rendered":"H\u00fchnerz\u00fcchter"},"content":{"rendered":"<p>[vc_row 0=&#8220;&#8220;][vc_column 0=&#8220;&#8220;][vc_row_inner css=&#8220;.vc_custom_1602057742006{margin-top: 50px !important;margin-bottom: 0px !important;padding-top: 0px !important;padding-bottom: 0px !important;}&#8220;][vc_column_inner width=&#8220;1\/6&#8243;][\/vc_column_inner][vc_column_inner width=&#8220;2\/3&#8243;][vc_column_text]<strong>Sussex weiss-schwarzcolumbia<\/strong><br \/>\n<strong>Dt.Reichsh\u00fchner weiss-schwarzcolumbia<\/strong><br \/>\n<strong>Australorps weiss<\/strong><br \/>\n<strong>Dt.Zwerg Wyandotten weiss<\/strong><\/p>\n<p>Gils Marc, 28 rue Laduno, L-9147 Erpeldange\/Ettelbr\u00fcck &#8211; T\u00e9l: 81 77 85<\/p>\n<hr \/>\n<p><strong>Zwerg-Sussex grausilber<\/strong><br \/>\n<strong>Zwerg-Sussex braun-porzellanfarbig<\/strong><br \/>\n<strong>Zwerg-Barnevelder br-schw.doppeltges\u00e4umt<\/strong><br \/>\n<strong>Zwerg-Barnevelder br-blau.doppeltges\u00e4umt<\/strong><\/p>\n<p>Recken Frank, Carole, Pit, Lori, 17 Stackemerpad, L-9744 Deiffelt &#8211; T\u00e9l.621 212 699<\/p>\n<hr \/>\n<p><strong>Dt.Zwerg Wyandotten wei\u00df<\/strong><br \/>\n<strong>Zwerg-New Hampshire goldbraun<\/strong><\/p>\n<p>Schmitz-Hendriks Theo, 49, rue de la chapelle, L-9513 Wiltz &#8211; T\u00e9l: 661818211<\/p>\n<hr \/>\n<p><strong>Zwerg Nackthalsh\u00fchner schwarz<\/strong><\/p>\n<p>Schmitz Gilles, 49, rue de la chapelle, L-9513 Wiltz &#8211; T\u00e9l: 661818211<\/p>\n<hr \/>\n<p><strong>Zwerg Amrocks gestreift<\/strong><\/p>\n<p>Wagener Mariette, 32 Eesberwee, L-9809 Hosingen \u2013 T\u00e9l.920593<\/p>\n<hr \/>\n<p><strong>Zwerg-Vorwerkh\u00fchner<\/strong><\/p>\n<p>Wagener Nico, 32 Eesberwee, L-9809 Hosingen \u2013 T\u00e9l.920593<\/p>\n<hr \/>\n<p><strong>Federf\u00fcssige Zwergh\u00fchner gold-porzellanfarbig<\/strong><br \/>\n<strong>Zwerg Australorps schwarz u. wei\u00df<\/strong><br \/>\n<strong>Dt.Zwerg-Wyandotten gestreift, <\/strong><br \/>\n<strong>Dt.Zwerg-Wyandotten kennfarbig<\/strong><br \/>\n<strong>Jap. Legewachteln<\/strong><\/p>\n<p>Schickes Michel, Michaela, Philipe, Emily, Hauptstrooss 37, L-9742 Boxhorn T\u00e9l: 621 379197<\/p>\n<hr \/>\n<p><strong>Dt.Pekingenten<\/strong><br \/>\n<strong>Zwergenten weiss<\/strong><\/p>\n<p>Schickes Michaela, Hauptstrooss 37, L-9742 Boxhorn &#8211; T\u00e9l: 621 379197<\/p>\n<hr \/>\n<p><strong>Zwerg-Sussex weiss-schwarzcolumbia<\/strong><br \/>\n<strong>Zwerg-Sussex gelb-schwarzcolumbia<\/strong><br \/>\n<strong>Zwerg-Sussex wildbraun<\/strong><br \/>\n<strong>Zwerg-Nackthalsh\u00fchner weiss<\/strong><br \/>\n<strong>Zwerg-Orpington schwarz-weissgescheckt<\/strong><br \/>\n<strong>Ko Shamo gold-weizenfarbig<\/strong><br \/>\n<strong>Cemani<\/strong><\/p>\n<p>KLOMP Ben, Am Duerf 8, L-9461 Nachtmanderscheid &#8211; T\u00e9l.878907<\/p>\n<hr \/>\n<p><strong>Brahma blau, Splash, isabellfarbig-perlgrau, silberfarbiggeb\u00e4ndert, rebhuhnfarbig geb\u00e4ndert, schwarz, weiss, lemon pyle, weiss-schwarzcolumbia, weiss-blaucolumbia, gelb-schwarzcolumbia, gelb-blaucolumbia,<\/strong><br \/>\n<strong>Dt.Legeg\u00e4nse weiss<\/strong><\/p>\n<p>ZGM Goebel<br \/>\nDorfstrasse 13<br \/>\nD-54673 Scheitenkorb<br \/>\nT\u00e9l. 0049 174 7360 276 oder 0049 6524 811 9999<\/p>\n<hr \/>\n<p><strong>Empordenesa<\/strong><br \/>\n<strong>Amrocks gestreift<\/strong><\/p>\n<p>Goebel Carmen<br \/>\nDorfstrasse 13<br \/>\nD-54673 Scheitenkorb<br \/>\nT\u00e9l. 0049 174 7368040 oder 0049 6524 811 9999<\/p>\n<hr \/>\n<p><strong>Seidenh\u00fchner weiss<\/strong><br \/>\n<strong>Show girls weiss<\/strong><\/p>\n<p>Goebel Jos<br \/>\nDorfstrasse 13<br \/>\nD-54673 Scheitenkorb<br \/>\nT\u00e9l. 0049 174 7360 276 oder 0049 6524 811 9999<\/p>\n<hr \/>\n<p><strong>Vorwerkh\u00fchner<\/strong><\/p>\n<p>Pint Charel, maison 38, L-9948 Biwisch &#8211; T\u00e9l: 621735803<\/p>\n<hr \/>\n<p><strong>Seidenh\u00fchner weiss<\/strong><br \/>\n<strong>Langschan schwarz &amp; weiss<\/strong><\/p>\n<p>Klasen Lorraine, vor der H\u00f6h 1a, D-54589 Daleiden<\/p>\n<hr \/>\n<p><strong>Dt.Zwerg Wyandotten kennfarbig, gelbschwarz-ges\u00e4umt, orangegeb\u00e4ndert und<\/strong><br \/>\n<strong>silberfarbig-geb\u00e4ndert<\/strong><br \/>\n<strong>Bielefelder Kennh\u00fchner<\/strong><\/p>\n<p>Isabell &amp; Stefan H\u00fchn, Bachstrasse 7, D-54636 M\u00fclbach<br \/>\nT\u00e9l. 0049 151-54614604 oder 0049 171-7837084[\/vc_column_text][\/vc_column_inner][vc_column_inner width=&#8220;1\/6&#8243;][\/vc_column_inner][\/vc_row_inner][\/vc_column][\/vc_row]<\/p>\n","protected":false},"excerpt":{"rendered":"<p>[vc_row 0=&#8220;&#8220;][vc_column 0=&#8220;&#8220;][vc_row_inner css=&#8220;.vc_custom_1602057742006{margin-top: 50px !important;margin-bottom: 0px !important;padding-top: 0px !important;padding-bottom: 0px !important;}&#8220;][vc_column_inner width=&#8220;1\/6&#8243;][\/vc_column_inner][vc_column_inner width=&#8220;2\/3&#8243;][vc_column_text]Sussex weiss-schwarzcolumbia Dt.Reichsh\u00fchner weiss-schwarzcolumbia Australorps weiss Dt.Zwerg Wyandotten weiss Gils Marc, 28 rue Laduno, L-9147 Erpeldange\/Ettelbr\u00fcck &#8211; T\u00e9l: 81 77 85 Zwerg-Sussex grausilber Zwerg-Sussex braun-porzellanfarbig Zwerg-Barnevelder br-schw.doppeltges\u00e4umt Zwerg-Barnevelder br-blau.doppeltges\u00e4umt Recken Frank, Carole, Pit, Lori, 17 Stackemerpad, L-9744 Deiffelt &#8211; T\u00e9l.621 212 699 [&hellip;]<\/p>\n","protected":false},"author":1,"featured_media":0,"parent":0,"menu_order":0,"comment_status":"closed","ping_status":"closed","template":"custom-page.php","meta":{"ngg_post_thumbnail":0},"_links":{"self":[{"href":"https:\/\/lab.jardindigital.com\/www.kleintierewiltz.info\/wp-json\/wp\/v2\/pages\/711"}],"collection":[{"href":"https:\/\/lab.jardindigital.com\/www.kleintierewiltz.info\/wp-json\/wp\/v2\/pages"}],"about":[{"href":"https:\/\/lab.jardindigital.com\/www.kleintierewiltz.info\/wp-json\/wp\/v2\/types\/page"}],"author":[{"embeddable":true,"href":"https:\/\/lab.jardindigital.com\/www.kleintierewiltz.info\/wp-json\/wp\/v2\/users\/1"}],"replies":[{"embeddable":true,"href":"https:\/\/lab.jardindigital.com\/www.kleintierewiltz.info\/wp-json\/wp\/v2\/comments?post=711"}],"version-history":[{"count":2,"href":"https:\/\/lab.jardindigital.com\/www.kleintierewiltz.info\/wp-json\/wp\/v2\/pages\/711\/revisions"}],"predecessor-version":[{"id":742,"href":"https:\/\/lab.jardindigital.com\/www.kleintierewiltz.info\/wp-json\/wp\/v2\/pages\/711\/revisions\/742"}],"wp:attachment":[{"href":"https:\/\/lab.jardindigital.com\/www.kleintierewiltz.info\/wp-json\/wp\/v2\/media?parent=711"}],"curies":[{"name":"wp","href":"https:\/\/api.w.org\/{rel}","templated":true}]}}